ighest common factor of 91 and 117?
13
What is the highest common divisor of 897 and 46?
23
Calculate the greatest common factor of 99 and 18.
9
What is the highest common factor of 745 and 5?
5
What is the highest common divisor of 3965 and 325?
65
Calculate the highest common factor of 11 and 66.
11
Calculate the highest common factor of 396 and 1892.
44
Calculate the greatest common factor of 195 and 208.
13
Calculate the greatest common divisor of 594 and 162.
54
What is the highest common factor of 24 and 2454?
6
What is the greatest common divisor of 522 and 90?
18
What is the highest common divisor of 1155 and 21?
21
What is the highest common factor of 253 and 110?
11
What is the highest common divisor of 35 and 110?
5
What is the greatest common factor of 57 and 4883?
19
Calculate the highest common factor of 16 and 19712.
16
What is the greatest common divisor of 54 and 2646?
54
What is the greatest common divisor of 10654 and 28?
14
Calculate the greatest common factor of 6 and 18.
6
Calculate the greatest common factor of 12 and 69.
3
Calculate the greatest common factor of 228 and 1767.
57
Calculate the greatest common divisor of 68 and 102.
34
What is the greatest common divisor of 87 and 116?
29
What is the greatest common factor of 756 and 70?
14
What is the highest common divisor of 63 and 7?
7
What is the greatest common factor of 32 and 7648?
32
What is the highest common factor of 70 and 238?
14
What is the highest common factor of 1280 and 16?
16
Calculate the highest common divisor of 9 and 279.
9
Calculate the highest common divisor of 464 and 29.
29
Calculate the greatest common factor of 4 and 1146.
2
Calculate the greatest common factor of 147540 and 30.
30
What is the highest common divisor of 15 and 7?
1
Calculate the highest common factor of 44 and 68.
4
Calculate the highest common divisor of 84 and 1113.
21
What is the highest common factor of 3258 and 36?
18
Calculate the greatest common divisor of 1845 and 10.
5
Calculate the highest common factor of 387 and 1290.
129
What is the greatest common divisor of 33 and 39?
3
Calculate the highest common factor of 194 and 11349.
97
What is the greatest common factor of 1785 and 840?
105
What is the highest common factor of 2005 and 5?
5
What is the highest common factor of 53 and 1537?
53
What is the greatest common factor of 15 and 21885?
15
Calculate the greatest common factor of 28 and 21.
7
What is the highest common divisor of 299 and 46?
23
What is the highest common divisor of 4112 and 64?
16
What is the greatest common factor of 195 and 100?
5
Calculate the highest common factor of 13 and 1651.
13
What is the greatest common factor of 1992 and 384?
24
What is the greatest common factor of 481 and 13?
13
Calculate the highest common factor of 16 and 360.
8
What is the highest common divisor of 9744 and 1015?
203
Calculate the highest common divisor of 480 and 585.
15
What is the greatest common factor of 345 and 30?
15
What is the greatest common divisor of 27272 and 42?
14
Calculate the highest common factor of 247 and 39.
13
Calculate the greatest common divisor of 1242 and 54.
54
What is the greatest common divisor of 632 and 14220?
316
What is the greatest common divisor of 30 and 53805?
15
What is the greatest common factor of 442 and 208?
26
What is the highest common divisor of 28 and 1876?
28
What is the greatest common divisor of 37 and 37?
37
Calculate the greatest common divisor of 273 and 26.
13
Calculate the greatest common divisor of 496 and 2759.
31
Calculate the greatest common divisor of 4 and 8.
4
Calculate the highest common divisor of 963 and 9737.
107
What is the greatest common factor of 23969 and 11?
11
What is the highest common divisor of 11 and 275?
11
What is the highest common factor of 35 and 42?
7
Calculate the greatest common divisor of 6 and 438.
6
Calculate the highest common factor of 4950 and 630.
90
Calculate the greatest common divisor of 224 and 42.
14
Calculate the highest common divisor of 210 and 405.
15
What is the greatest common divisor of 1520 and 95?
95
Calculate the highest common divisor of 846 and 153.
9
What is the highest common divisor of 171 and 19?
19
Calculate the highest common divisor of 1534 and 354.
118
What is the greatest common divisor of 69376 and 271?
271
What is the greatest common factor of 6880 and 40?
40
Calculate the greatest common divisor of 3486 and 42.
42
What is the highest common divisor of 180 and 260?
20
Calculate the greatest common factor of 25508 and 28.
28
What is the highest common factor of 8220 and 36?
12
Calculate the highest common factor of 306 and 34.
34
What is the highest common divisor of 960 and 1230?
30
Calculate the highest common divisor of 374 and 44.
22
What is the greatest common factor of 13 and 1963?
13
Calculate the greatest common divisor of 12312 and 57.
57
Calculate the highest common factor of 39 and 5161.
13
What is the highest common factor of 11183 and 211?
211
Calculate the greatest common divisor of 2460 and 15.
15
What is the highest common factor of 4068 and 36?
36
What is the greatest common divisor of 2495 and 15?
5
Calculate the greatest common factor of 582 and 6.
6
What is the greatest common factor of 18 and 720?
18
Calculate the greatest common divisor of 16 and 4616.
8
What is the highest common factor of 140 and 196?
28
Calculate the highest common divisor of 111 and 37.
37
Calculate the highest common factor of 4 and 1492.
4
What is the greatest common divisor of 225 and 11250?
225
What is the highest common divisor of 237 and 1975?
79
Calculate the greatest common factor of 46 and 506.
46
Calculate the greatest common divisor of 120 and 340.
20
What is the highest common divisor of 16 and 9232?
16
What is the highest common divisor of 30 and 5120?
10
Calculate the highest common divisor of 1008 and 27.
9
Calculate the highest common divisor of 7236 and 268.
268
Calculate the greatest common divisor of 1248 and 520.
104
Calculate the greatest common factor of 117 and 1963.
13
Calculate the greatest common divisor of 328 and 8.
8
Calculate the greatest common factor of 5394 and 116.
58
Calculate the greatest common divisor of 21 and 6048.
21
What is the greatest common divisor of 249 and 166?
83
What is the highest common divisor of 90 and 490?
10
What is the greatest common divisor of 3360 and 150?
30
What is the highest common factor of 16849 and 203?
203
Calculate the greatest common factor of 322 and 56.
14
What is the greatest common divisor of 17 and 2652?
17
Calculate the greatest common factor of 8676 and 36.
36
Calculate the highest common divisor of 45 and 7560.
45
What is the greatest common factor of 3402 and 882?
126
Calculate the highest common divisor of 529 and 92.
23
What is the highest common factor of 39 and 546?
39
What is the highest common factor of 245 and 175?
35
Calculate the greatest common factor of 130 and 20.
10
What is the greatest common divisor of 9 and 1?
1
What is the greatest common factor of 13 and 39?
13
What is the highest common divisor of 416 and 28?
4
Calculate the greatest common divisor of 3212 and 44.
44
Calculate the greatest common factor of 304 and 133.
19
Calculate the greatest common divisor of 56 and 21.
7
Calculate the greatest common factor of 236 and 177.
59
Calculate the highest common divisor of 788 and 2167.
197
Calculate the greatest common factor of 1584 and 352.
176
What is the highest common divisor of 216 and 153?
9
Calculate the greatest common divisor of 21 and 6762.
21
What is the greatest common divisor of 217 and 155?
31
Calculate the greatest common divisor of 175 and 75.
25
Calculate the highest common factor of 166 and 5976.
166
Calculate the highest common divisor of 816 and 24.
24
Calculate the highest common factor of 86 and 43.
43
Calculate the highest common divisor of 4864 and 76.
76
Calculate the greatest common factor of 6716 and 1752.
292
Calculate the highest common divisor of 364 and 104.
52
Calculate the greatest common factor of 27 and 1053.
27
What is the greatest common divisor of 44 and 66?
22
What is the greatest common factor of 104 and 13?
13
What is the highest common divisor of 6 and 192?
6
What is the highest common divisor of 19339 and 83?
83
What